8*t + 3. Let b be c(-1). Let q(m) = b + 2*m**3 - m**3 - 7 - 6*m**2. Suppose -3*n + 6 = -2*n. Determine q(n).
4
Let n = -1 + -6. Let o(s) = 5*s**2 - 8*s - 6. Let v(k) = 4*k**2 - 8*k - 5. Let b(m) = 5*o(m) - 6*v(m). What is b(n)?
-7
Let r(l) = -l**3 + 12*l**2 - l + 26. Let d be r(12). Let n = 14 - d. Let b(k) = -k**2 + 5. Give b(n).
5
Let s(m) be the third derivative of m**4/24 + 2*m**3/3 - 10*m**2. Let l be 1 - (-1 - 1) - (-16 - -14). Give s(l).
9
Let m(g) = -g**3 + 2*g**2 + 2*g + 1. Let z be (-5)/(-2) + 4/8. What is m(z)?
-2
Let c(z) = -5*z**2 - 3*z - 15. Let y be c(-4). Let q = 76 + y. Let v(d) = d**2 + 3*d - 1. Determine v(q).
27
Let q(d) = -d**3 + 15*d**2 - 37*d + 8. Let a be q(3). Let c(i) = -3*i**2 - 3*i - 3. Let m(t) = 2*t**2 + 3*t + 3. Let j(g) = -3*c(g) - 4*m(g). Give j(a).
7
Suppose 22*w - 19*w + 27 = 2*r, -r - w = -6. Let s(v) = 2*v**3 - 17*v**2 - 8*v - 4. Calculate s(r).
5
Suppose 2*w = 5 - 1. Let y(o) = 17*o**3 - 3*o**w - 1 - 2*o**2 - 5*o**2 + 11*o**2 + o. Determine y(1).
18
Let s(o) be the first derivative of o**2/2 - 9*o + 88. Let c(r) = r**3 - 4*r**2 - 3*r - 5. Let n be c(5). Calculate s(n).
-4
Let x(b) = 2*b - 33. Suppose 2*o + 5*k - 38 = 0, 3*o - o = -3*k + 34. What is x(o)?
-5
Suppose 2*c + 6 + 4 = 0, -10 = -5*y + 3*c. Let n be y + -3 + 6 + 1. Let s(f) = -f**3 + 4*f**2 - 3*f + 4. Give s(n).
4
Let d be (-80)/(-24) + 8/12. Let t(o) = 2*o - 6. What is t(d)?
2
Let u(q) = -q**3 + q**2 - q. Let s = 27 + -32. Let y(x) = x**3 - 1. Let w(k) = s*y(k) - 4*u(k). Determine w(-5).
10
Suppose y = 4*i - 8 - 5, 3 = y. Let g be (6/5)/((-2)/(-5)). Let t(n) = 0*n**2 + 2 + 4*n**2 - 4*n - g*n**2. Determine t(i).
2
Let r(u) = 4*u**2 + u + 1. Let a(f) = -f**2 - 6*f + 9. Suppose -25*c = -34*c - 63. Let m be a(c). What is r(m)?
19
Suppose -4*j = 3*g + 18, -8*g + 6*g + 2 = -2*j. Let h(u) be the second derivative of u**5/20 + u**4/6 + 2*u**3/3 + 3*u**2/2 - 2*u. Determine h(g).
-5
Let y be ((-3)/(-9))/((-1)/(-9)). Let k(b) = -1 - 2*b**y + b**3 - 9*b + 0 + 11*b. Let p(u) = u**2 - 5*u - 8. Let x be p(6). Calculate k(x).
3
Let b(s) = -14*s**2 + s - 3. Let k(x) = 29*x**2 - 3*x + 7. Let h(p) = -5*b(p) - 2*k(p). Suppose -11*t = -9*t - 6. Suppose -6 = 9*q + t. Calculate h(q).
12
Suppose -14*s + 22*s - 56 = 0. Let w(p) = p + 1. Let u(o) = 2*o + 3. Let x(g) = 2*u(g) - 5*w(g). Determine x(s).
-6
Let o(i) = -i**3 + 11*i**2 + i - 11. Let d(k) = 3*k**3 - 17*k**2 + 12*k + 1. Let r be d(5). What is o(r)?
0
Let v = 83 + -62. Let i(y) = 10 - v + y**3 + 4*y**2 + 9 + y. Determine i(-4).
-6
Let s = 73 - 40. Let c(k) = -15*k - 13*k + s*k + 5*k**2 + 2 - k**3. Calculate c(6).
-4
Let o(l) = 3*l + 8. Suppose 6*n - 3*t = 9*n, 5*t = n + 30. What is o(n)?
-7
Suppose 3*i - 16 - 11 = 0. Let d(z) = -24 - z**2 + i + 20 + 6 + 8*z. What is d(9)?
2
Let k be 40/16*(-1)/5*4. Let i(a) = 4*a**2 - 2 + 3*a - a + a**3 + 0*a**3. Determine i(k).
2
Let t(a) = -a**2 + 17*a + 64. Let r(x) = -6*x**2 + 85*x + 322. Let f(z) = 2*r(z) - 11*t(z). What is f(-13)?
-8
Let p(u) = -8*u**2 - 2*u + 3. Suppose -168 = 16*c - 100*c. Calculate p(c).
-33
Suppose 26*p - 24*p = -34. Let z(s) = -s**2 - 18*s - 12. Determine z(p).
5
Let b = -1847 - -1840. Let h(k) = k**3 + 8*k**2 + 8*k + 6. What is h(b)?
-1
Let a(w) = 2 + 2*w - w - 7. Let c = 5 - 2. Suppose 5*f - h - 22 = -0, -4*h + 27 = c*f. Calculate a(f).
0
Let k = 131 + -128. Let h(o) = -o. Let m(i) = -14*i + 3. Let a(d) = 5*d - 1. Let j(c) = -8*a(c) - 3*m(c). Let f(g) = 7*h(g) + 4*j(g). Give f(k).
-1
Let f(d) = d**3 - 3*d**2 - 2*d + 1. Suppose -6*v - 5*k = -5*v + 22, -5*k = -3*v + 34. Determine f(v).
-5
Suppose 44*u = 34*u - 60. Let n(c) = -c**2 - 11*c - 9. Give n(u).
21
Suppose -4*i + 11 = -9. Suppose -i = 5*l - 15. Let v be (-4)/8*-6*l. Let r(a) = a**3 - 7*a**2 + 5*a + 2. Give r(v).
-4
Let y(p) = p**3 + 11*p**2 + 11*p - 1. Let w be (1 - 0)/((-53)/530). Calculate y(w).
-11
Let m(g) = -4*g + 7. Let i be m(-2). Let t(k) = -k**2 + i - 20 + 5*k + k. Calculate t(5).
0
Let j = -376 - -374. Let u(y) = -7*y**3 - 7*y**2 + 8. Let k(q) = -13*q**3 - 13*q**2 + 15. Let b(l) = 6*k(l) - 11*u(l). Give b(j).
6
Let d(u) be the first derivative of -u**2/2 + 4*u - 1. Suppose 8*v + 3 = 7*v. Let l be (0 - (-9)/(-6))*10/v. What is d(l)?
-1
Let t be 3 - 1*6/3. Suppose 6*v + 4*o = 2*v - 8, 5*v + o - 6 = 0. Let j(d) = -8 - 1 - v*d**2 - d + 10. What is j(t)?
-2
Suppose 344 - 342 = -2*k. Let z(a) = -51*a**2 - 68. Let y(m) = m**2 + 1. Let c(s) = -68*y(s) - z(s). Determine c(k).
-17
Let v be 6/8 + 10/8. Let k(x) = -2 - 7*x + 4*x - 2*x - x**v + 0*x. Suppose -4 = -4*o - 12. What is k(o)?
4
Let d = 8 - 3. Let a = 8 - d. Let b(u) = 1 + 10*u - 4*u - u**3 + 0*u**3 + 6*u**2 + 2*u**a. What is b(-5)?
-4
Suppose 4*n = -4*p + 12, 3*p + p = -2*n + 16. Let j(c) = c**3 - 5*c**2 + c - 14. What is j(p)?
-9
Suppose 0 = -89*n + 82*n + 21. Let g(r) = -3*r - 1. Give g(n).
-10
Let t(f) = -f**3 + 3*f + 1. Let y(w) = -5*w**3 + 16*w + 6. Let r(c) = 11*t(c) - 2*y(c). Let n(a) = -a + 1. Let h be n(0). What is r(h)?
-1
Suppose -2*z + 2*x - x + 2 = 0, 0 = -5*z - 2*x + 14. Let b(i) = 1 + z*i - 3*i**2 - 6 + 5 - 1. What is b(1)?
-2
Let c(n) = -n**2 - 1. Let a(q) = -2*q**2 - 10*q - 4. Let u(k) = -a(k) - c(k). Determine u(-4).
13
Let d(v) = -3*v**2 + 5*v**2 - 2 + v**2. Let m be (-2)/17 + (-1548)/(-153). Suppose -6*u + m*u = 8. What is d(u)?
10
Let s(r) = -2*r + 24. Let g = 1301 + -1293. What is s(g)?
8
Let j be 6/(-9)*(-27)/(-18). Let t(y) be the first derivative of 6*y**2 - y + 3. Calculate t(j).
-13
Let l(y) = 4*y - 2. Suppose 0 = 66*q - 70*q + 24. Give l(q).
22
Let o be -3 + 0 + 1 - -18. Suppose 2*q = -3*r + 2, r + o = -3*q - q. Let c(y) = y**3 + 5*y**2 + y + 7. Give c(q).
2
Let v(f) = 5*f**3 - f**2 - 2*f - 9. Let l(t) = -3*t**3 + t**2 + t + 6. Let a(w) = -8*l(w) - 5*v(w). Give a(-4).
5
Let y be 12/14*(18 - 4 - 7). Let q(j) = -10*j + 12. Calculate q(y).
-48
Let b be -3*(-2)/3*2. Suppose -32 = 4*y - 4*l, -5*l + 6 + b = 0. Let h(z) = -10*z - 6 - 23*z + 32*z. Calculate h(y).
0
Let p(v) = -v + 5. Let f be p(4). Let d(w) = -4*w + 3. Let c(h) = 1. Let j(y) = -2*c(y) + d(y). Calculate j(f).
-3
Let z(m) be the first derivative of -m**4/24 - 2*m**3 - 18*m**2 - 17. Let b(r) be the second derivative of z(r). What is b(0)?
-12
Let h(j) = 5*j + 1. Let u(f) = -8*f - 43. Let g(n) = -3*h(n) - u(n). Calculate g(6).
-2
Suppose -47*y - 27 = -2*l - 52*y, 6 = 2*l - 2*y. Let j(d) = 2*d - 6. What is j(l)?
6
Suppose 5*y + 2*d = -2 + 22, 2*d - 2 = 4*y. Let k(m) = 10*m + 21*m**y - 5*m + 15*m**2 - 35*m**2. Calculate k(-5).
0
Let s(t) be the third derivative of t**4/24 - 3*t**3/2 - 234*t**2. Give s(16).
7
Let p(h) = 2*h + 2. Let k be p(0). Let f(q) = 4*q + 103*q**2 - q**3 - 51*q**2 - 50*q**k - 2. Calculate f(3).
1
Suppose -2*c - 3*n = -2, -n = -2*c + n + 12. Let q(x) = -3 + x**2 + 0*x**2 + 2*x**2 - 2*x - c*x**2. What is q(-4)?
-11
Let q(g) be the second derivative of -g**5/5 - g**2/2 + 6*g + 1. Determine q(-1).
3
Suppose -33 = -11*w + 88. Let c(a) be the first derivative of -3 - w*a + 1/2*a**2. Give c(8).
-3
Let i(d) = 2*d + 1. Suppose 5*v - 55 = 5*l, 43 = -v + 6*v - l. Determine i(v).
17
Let z(s) = -3*s**3 - 2*s**2 - 2*s - 26. Let q(j) = -j**3 - j**2 - j - 8. Let g(i) = -7*q(i) + 2*z(i). Determine g(-4).
-24
Let y(d) = 10*d**2 - d - 1. Let q(j) = j**2 - 13*j + 11. Let g = 18 + -6. Let z be q(g). Give y(z).
10
Let q be 7 + -5 - (0 + 0). Let i(x) = 7*x - 1 - 4*x + 0 - q*x. Let r(c) = -c - 4. Let t be r(0). Determine i(t).
-5
Let h be 3/6*-2*0. Suppose 2*a - 32 + 28 = h. Let i(d) = 4*d - 1. Calculate i(a).
7
Let k(a) = -40*a**2 - 41*a**2 + 122*a**2 + 13*a - 42*a**2 + 6. What is k(12)?
18
Let o(a) = -9*a + 9. Let j(n) = n + 2. Let h(m) = -2*j(m) - o(m). Calculate h(3).
8
Suppose c + 101 = 5*u, 0 = 4*u - 3*c - 94 + 11. Let a = u - 12. Let m(d) = d**3 - 9*d**2 + 6*d + 10. Determine m(a).
-6
Let t(n) = -n + 5. Let k be t(0). Suppose 4*p = 2*d, 4*d + 17 - 4 = -k*p. Let h(o) be the second derivative of 2*o**3/3 + o**2 + 6*o. Give h(d).
-6
Let m(r) be the second derivative of r**4/12 + r**3/2 + r**2 - 5*r - 5. Calculate m(-3).
2
Let y be (-9)/(27/3) - 1/(-1). Let w(a) = a**2 + a + 16. Calculate w(y).
16
Let k(r) = -5*r + 2. Let b be 2 + -3*20/12. Suppose 9 = 3*d + 4*u - 3, -3*u = -4*d - 9. Let y = d - b. Give k(y).
-13
Let u(n) = n**2 + 4*n - 3. Suppose -2*m